{"id":24,"date":"2023-08-13T12:02:55","date_gmt":"2023-08-13T15:02:55","guid":{"rendered":"https:\/\/autosmaker.com\/?page_id=24"},"modified":"2025-09-18T10:07:12","modified_gmt":"2025-09-18T13:07:12","slug":"about","status":"publish","type":"page","link":"https:\/\/autosmaker.com\/index.php\/about\/","title":{"rendered":"Sobre N\u00f3s"},"content":{"rendered":"\n<h2 class=\"wp-block-heading has-large-font-size\" style=\"font-style:normal;font-weight:100\">Constru\u00edmos carros que contam hist\u00f3rias.<\/h2>\n\n\n\n<p>A <strong>AutosMaker Garage<\/strong> foi fundada em 2016. Somos uma oficina especializada na constru\u00e7\u00e3o de HotRod e restaura\u00e7\u00e3o de autom\u00f3veis cl\u00e1ssicos. Somos um time apaixonado por construir e restaurar! Cada maker tem seu talento individual e juntos trabalhamos pela excel\u00eancia em todas as etapas da restaura\u00e7\u00e3o\/constru\u00e7\u00e3o de autom\u00f3veis antigos: funilaria, pintura, constru\u00e7\u00e3o de pe\u00e7as sob medida e muito mais. Nossos projetos s\u00e3o: restaura\u00e7\u00e3o completa na linha original, modifica\u00e7\u00f5es de carrocerias, melhorias em chassi e hots insanos. Trabalhamos para entregar o m\u00e1ximo de qualidade na constru\u00e7\u00e3o e restaura\u00e7\u00e3o de cada projeto que entra em nossa garagem, pois sabemos que n\u00e3o s\u00e3o apenas carros, <strong>s\u00e3o sonhos, hist\u00f3rias e mem\u00f3rias<\/strong>.<\/p>\n\n\n\n<div class=\"wp-block-columns is-layout-flex wp-container-core-columns-is-layout-28f84493 wp-block-columns-is-layout-flex\">\n<div class=\"wp-block-column is-layout-flow wp-block-column-is-layout-flow\" style=\"flex-basis:33.34%\">\n<figure class=\"wp-block-image size-large\"><img loading=\"lazy\" decoding=\"async\" width=\"1024\" height=\"683\" src=\"https:\/\/autosmaker.com\/wp-content\/uploads\/2025\/09\/CPTRNG-_DSC7525-1024x683.jpg\" alt=\"\" class=\"wp-image-202\" srcset=\"https:\/\/autosmaker.com\/wp-content\/uploads\/2025\/09\/CPTRNG-_DSC7525-1024x683.jpg 1024w, https:\/\/autosmaker.com\/wp-content\/uploads\/2025\/09\/CPTRNG-_DSC7525-300x200.jpg 300w, https:\/\/autosmaker.com\/wp-content\/uploads\/2025\/09\/CPTRNG-_DSC7525-2000x1333.jpg 2000w\" sizes=\"auto, (max-width: 1024px) 100vw, 1024px\" \/><\/figure>\n<\/div>\n\n\n\n<div class=\"wp-block-column is-layout-flow wp-block-column-is-layout-flow\" style=\"flex-basis:33.34%\">\n<figure class=\"wp-block-image size-large\"><img loading=\"lazy\" decoding=\"async\" width=\"768\" height=\"1024\" src=\"https:\/\/autosmaker.com\/wp-content\/uploads\/2025\/09\/IMG_8455-768x1024.jpg\" alt=\"\" class=\"wp-image-201\" style=\"aspect-ratio:3\/2;object-fit:cover\" srcset=\"https:\/\/autosmaker.com\/wp-content\/uploads\/2025\/09\/IMG_8455-768x1024.jpg 768w, https:\/\/autosmaker.com\/wp-content\/uploads\/2025\/09\/IMG_8455-225x300.jpg 225w, https:\/\/autosmaker.com\/wp-content\/uploads\/2025\/09\/IMG_8455-2000x2667.jpg 2000w, https:\/\/autosmaker.com\/wp-content\/uploads\/2025\/09\/IMG_8455-scaled.jpg 1920w\" sizes=\"auto, (max-width: 768px) 100vw, 768px\" \/><\/figure>\n<\/div>\n\n\n\n<div class=\"wp-block-column is-layout-flow wp-block-column-is-layout-flow\" style=\"flex-basis:33.33%\">\n<figure class=\"wp-block-image size-large is-resized is-style-default\"><img loading=\"lazy\" decoding=\"async\" width=\"1024\" height=\"751\" src=\"https:\/\/autosmaker.com\/wp-content\/uploads\/2025\/09\/IMG_8449-2-scaled-e1758198037235-1024x751.jpg\" alt=\"\" class=\"wp-image-206\" style=\"width:330px;height:auto\" srcset=\"https:\/\/autosmaker.com\/wp-content\/uploads\/2025\/09\/IMG_8449-2-scaled-e1758198037235-1024x751.jpg 1024w, https:\/\/autosmaker.com\/wp-content\/uploads\/2025\/09\/IMG_8449-2-scaled-e1758198037235-300x220.jpg 300w, https:\/\/autosmaker.com\/wp-content\/uploads\/2025\/09\/IMG_8449-2-scaled-e1758198037235-768x563.jpg 768w, https:\/\/autosmaker.com\/wp-content\/uploads\/2025\/09\/IMG_8449-2-scaled-e1758198037235-1536x1126.jpg 1536w, https:\/\/autosmaker.com\/wp-content\/uploads\/2025\/09\/IMG_8449-2-scaled-e1758198037235.jpg 1920w\" sizes=\"auto, (max-width: 1024px) 100vw, 1024px\" \/><\/figure>\n<\/div>\n<\/div>\n\n\n\n<h3 class=\"wp-block-heading has-large-font-size\" id=\"inspiro-is-a-digital-product-agency-that-focuses-on-strategy-and-desig\" style=\"font-style:normal;font-weight:300\">Na m\u00eddia:<\/h3>\n\n\n\n<figure class=\"wp-block-embed is-type-video is-provider-youtube wp-block-embed-youtube wp-embed-aspect-16-9 wp-has-aspect-ratio\"><div class=\"wp-block-embed__wrapper\">\n<iframe loading=\"lazy\" title=\"Old e Low Car Curitiba\" width=\"950\" height=\"534\" src=\"https:\/\/www.youtube.com\/embed\/IKpRw0PF6co?feature=oembed\" frameborder=\"0\" allow=\"accelerometer; autoplay; clipboard-write; encrypted-media; gyroscope; picture-in-picture; web-share\" referrerpolicy=\"strict-origin-when-cross-origin\" allowfullscreen><\/iframe>\n<\/div><\/figure>\n\n\n\n<figure class=\"wp-block-embed is-type-video is-provider-youtube wp-block-embed-youtube wp-embed-aspect-16-9 wp-has-aspect-ratio\"><div class=\"wp-block-embed__wrapper\">\n<iframe loading=\"lazy\" title=\"Restaura\u00e7\u00e3o de Carros Antigos\" width=\"950\" height=\"534\" src=\"https:\/\/www.youtube.com\/embed\/E8E6Os8RvhU?start=51&#038;feature=oembed\" frameborder=\"0\" allow=\"accelerometer; autoplay; clipboard-write; encrypted-media; gyroscope; picture-in-picture; web-share\" referrerpolicy=\"strict-origin-when-cross-origin\" allowfullscreen><\/iframe>\n<\/div><\/figure>\n\n\n\n<figure class=\"wp-block-embed is-type-video is-provider-youtube wp-block-embed-youtube wp-embed-aspect-16-9 wp-has-aspect-ratio\"><div class=\"wp-block-embed__wrapper\">\n<iframe loading=\"lazy\" title=\"Paran\u00e1 Motor - 22\/01\/23\" width=\"950\" height=\"534\" src=\"https:\/\/www.youtube.com\/embed\/smfd321Kgx4?feature=oembed\" frameborder=\"0\" allow=\"accelerometer; autoplay; clipboard-write; encrypted-media; gyroscope; picture-in-picture; web-share\" referrerpolicy=\"strict-origin-when-cross-origin\" allowfullscreen><\/iframe>\n<\/div><\/figure>\n\n\n\n<div style=\"height:100px\" aria-hidden=\"true\" class=\"wp-block-spacer\"><\/div>\n\n\n\n<div class=\"wp-block-cover alignfull\" style=\"padding-top:50px;padding-right:50px;padding-bottom:50px;padding-left:50px;min-height:316px;aspect-ratio:unset;\"><span aria-hidden=\"true\" class=\"wp-block-cover__background has-black-background-color has-background-dim-100 has-background-dim\"><\/span><div class=\"wp-block-cover__inner-container is-layout-flow wp-block-cover-is-layout-flow\">\n<div class=\"wp-block-columns are-vertically-aligned-center is-layout-flex wp-container-core-columns-is-layout-28f84493 wp-block-columns-is-layout-flex\">\n<div class=\"wp-block-column is-vertically-aligned-center is-layout-flow wp-block-column-is-layout-flow\" style=\"padding-top:20px;padding-right:0px;padding-bottom:20px;padding-left:0px\">\n<div class=\"wp-block-group is-content-justification-space-between is-nowrap is-layout-flex wp-container-core-group-is-layout-bb3dfb5c wp-block-group-is-layout-flex\">\n<figure class=\"wp-block-image size-full\"><img decoding=\"async\" src=\"https:\/\/autosmaker.com\/wp-content\/themes\/inspiro\/assets\/images\/laurel_left.png\" alt=\"\"\/><\/figure>\n\n\n\n<div class=\"wp-block-group is-layout-flow wp-block-group-is-layout-flow\">\n<p class=\"has-text-align-center has-white-color has-text-color\" style=\"font-size:clamp(14px, 0.875rem + ((1vw - 3.2px) * 0.354), 18px);line-height:1\"><strong>&#8220;Hot Rods&#8221;<br><\/strong>AutosMaker<\/p>\n<\/div>\n\n\n\n<figure class=\"wp-block-image size-full\"><img decoding=\"async\" src=\"https:\/\/autosmaker.com\/wp-content\/themes\/inspiro\/assets\/images\/laurel_right.png\" alt=\"\"\/><\/figure>\n<\/div>\n<\/div>\n\n\n\n<div class=\"wp-block-column is-vertically-aligned-center is-layout-flow wp-block-column-is-layout-flow\" style=\"padding-top:20px;padding-right:0px;padding-bottom:20px;padding-left:0px\">\n<div class=\"wp-block-group is-content-justification-space-between is-nowrap is-layout-flex wp-container-core-group-is-layout-bb3dfb5c wp-block-group-is-layout-flex\">\n<figure class=\"wp-block-image size-full\"><img decoding=\"async\" src=\"https:\/\/autosmaker.com\/wp-content\/themes\/inspiro\/assets\/images\/laurel_left.png\" alt=\"\"\/><\/figure>\n\n\n\n<div class=\"wp-block-group is-layout-flow wp-block-group-is-layout-flow\">\n<p class=\"has-text-align-center has-white-color has-text-color\" style=\"font-size:clamp(14px, 0.875rem + ((1vw - 3.2px) * 0.354), 18px);line-height:1\"><strong>&#8220;Cl\u00e1ssicos&#8221;<\/strong><br>AutosMaker<\/p>\n<\/div>\n\n\n\n<figure class=\"wp-block-image size-full\"><img decoding=\"async\" src=\"https:\/\/autosmaker.com\/wp-content\/themes\/inspiro\/assets\/images\/laurel_right.png\" alt=\"\"\/><\/figure>\n<\/div>\n<\/div>\n\n\n\n<div class=\"wp-block-column is-vertically-aligned-center is-layout-flow wp-block-column-is-layout-flow\" style=\"padding-top:20px;padding-right:0px;padding-bottom:20px;padding-left:0px\">\n<div class=\"wp-block-group is-content-justification-space-between is-nowrap is-layout-flex wp-container-core-group-is-layout-bb3dfb5c wp-block-group-is-layout-flex\">\n<figure class=\"wp-block-image size-full\"><img decoding=\"async\" src=\"https:\/\/autosmaker.com\/wp-content\/themes\/inspiro\/assets\/images\/laurel_left.png\" alt=\"\"\/><\/figure>\n\n\n\n<div class=\"wp-block-group is-layout-flow wp-block-group-is-layout-flow\">\n<p class=\"has-text-align-center has-white-color has-text-color\" style=\"font-size:clamp(14px, 0.875rem + ((1vw - 3.2px) * 0.354), 18px);line-height:1\"><strong>&#8220;Projetos Exclusivos&#8221;<\/strong><br>AutosMaker<\/p>\n<\/div>\n\n\n\n<figure class=\"wp-block-image size-full\"><img decoding=\"async\" src=\"https:\/\/autosmaker.com\/wp-content\/themes\/inspiro\/assets\/images\/laurel_right.png\" alt=\"\"\/><\/figure>\n<\/div>\n<\/div>\n<\/div>\n<\/div><\/div>\n","protected":false},"excerpt":{"rendered":"<p>Constru\u00edmos carros que contam hist\u00f3rias. A AutosMaker Garage foi fundada em 2016. Somos uma oficina especializada na constru\u00e7\u00e3o de HotRod e restaura\u00e7\u00e3o de autom\u00f3veis cl\u00e1ssicos. Somos um time apaixonado por construir e restaurar! Cada maker tem seu talento individual e juntos trabalhamos pela excel\u00eancia em todas as etapas da restaura\u00e7\u00e3o\/constru\u00e7\u00e3o de autom\u00f3veis antigos: funilaria, pintura, &hellip; <\/p>\n<p class=\"link-more\"><a href=\"https:\/\/autosmaker.com\/index.php\/about\/\" class=\"more-link\">Read more<span class=\"screen-reader-text\"> &#8220;Sobre N\u00f3s&#8221;<\/span><\/a><\/p>\n","protected":false},"author":1,"featured_media":0,"parent":0,"menu_order":0,"comment_status":"closed","ping_status":"closed","template":"","meta":{"footnotes":""},"class_list":["post-24","page","type-page","status-publish","hentry"],"_links":{"self":[{"href":"https:\/\/autosmaker.com\/index.php\/wp-json\/wp\/v2\/pages\/24","targetHints":{"allow":["GET"]}}],"collection":[{"href":"https:\/\/autosmaker.com\/index.php\/wp-json\/wp\/v2\/pages"}],"about":[{"href":"https:\/\/autosmaker.com\/index.php\/wp-json\/wp\/v2\/types\/page"}],"author":[{"embeddable":true,"href":"https:\/\/autosmaker.com\/index.php\/wp-json\/wp\/v2\/users\/1"}],"replies":[{"embeddable":true,"href":"https:\/\/autosmaker.com\/index.php\/wp-json\/wp\/v2\/comments?post=24"}],"version-history":[{"count":15,"href":"https:\/\/autosmaker.com\/index.php\/wp-json\/wp\/v2\/pages\/24\/revisions"}],"predecessor-version":[{"id":235,"href":"https:\/\/autosmaker.com\/index.php\/wp-json\/wp\/v2\/pages\/24\/revisions\/235"}],"wp:attachment":[{"href":"https:\/\/autosmaker.com\/index.php\/wp-json\/wp\/v2\/media?parent=24"}],"curies":[{"name":"wp","href":"https:\/\/api.w.org\/{rel}","templated":true}]}}