{"id":23,"date":"2023-08-13T12:02:55","date_gmt":"2023-08-13T15:02:55","guid":{"rendered":"https:\/\/autosmaker.com\/?page_id=23"},"modified":"2025-09-18T10:05:04","modified_gmt":"2025-09-18T13:05:04","slug":"belos-portfolios-para-criativos-excepcionais","status":"publish","type":"page","link":"https:\/\/autosmaker.com\/","title":{"rendered":"Construir e restaurar \u00e9 nossa paix\u00e3o e of\u00edcio."},"content":{"rendered":"\n<div style=\"height:31px\" aria-hidden=\"true\" class=\"wp-block-spacer\"><\/div>\n\n\n\n<div class=\"wp-block-group alignfull has-background is-layout-flow wp-block-group-is-layout-flow\" style=\"background-color:#e5e9ec\">\n<div class=\"wp-block-columns is-layout-flex wp-container-core-columns-is-layout-28f84493 wp-block-columns-is-layout-flex\">\n<div class=\"wp-block-column is-vertically-aligned-center is-layout-flow wp-block-column-is-layout-flow\">\n<h2 class=\"wp-block-heading\">AutosMaker Garage<\/h2>\n\n\n\n<p>A AutosMaker Garage foi fundada em 2016, por Hewerton Cunha, na cidade de Curitiba &#8211; Paran\u00e1. Somos uma oficina especializada em Hot Rod e restaura\u00e7\u00e3o de cl\u00e1ssicos<\/p>\n\n\n\n<div class=\"wp-block-buttons is-horizontal is-content-justification-left is-layout-flex wp-container-core-buttons-is-layout-20be11b6 wp-block-buttons-is-layout-flex\">\n<div class=\"wp-block-button is-style-outline is-style-outline--1\"><a class=\"wp-block-button__link wp-element-button\" href=\"https:\/\/autosmaker.com\/index.php\/about\/\">por dentro da AutosMaker<\/a><\/div>\n<\/div>\n\n\n\n<p><\/p>\n<\/div>\n\n\n\n<div class=\"wp-block-column is-layout-flow wp-block-column-is-layout-flow\">\n<div style=\"height:48px\" aria-hidden=\"true\" class=\"wp-block-spacer\"><\/div>\n\n\n\n<figure class=\"wp-block-embed is-type-video is-provider-youtube wp-block-embed-youtube wp-embed-aspect-16-9 wp-has-aspect-ratio\"><div class=\"wp-block-embed__wrapper\">\n<iframe loading=\"lazy\" title=\"Chevy Boca de Sapo Hot Rod AutosMaker Garage\" width=\"950\" height=\"534\" src=\"https:\/\/www.youtube.com\/embed\/Zbx0Qbv3jsw?feature=oembed\" frameborder=\"0\" allow=\"accelerometer; autoplay; clipboard-write; encrypted-media; gyroscope; picture-in-picture; web-share\" referrerpolicy=\"strict-origin-when-cross-origin\" allowfullscreen><\/iframe>\n<\/div><\/figure>\n<\/div>\n<\/div>\n<\/div>\n\n\n\n<div style=\"height:31px\" aria-hidden=\"true\" class=\"wp-block-spacer\"><\/div>\n\n\n\n<div class=\"wp-block-group alignfull is-layout-flow wp-block-group-is-layout-flow\">\n<div class=\"wp-block-columns are-vertically-aligned-center is-layout-flex wp-container-core-columns-is-layout-28f84493 wp-block-columns-is-layout-flex\">\n<div class=\"wp-block-column is-vertically-aligned-center is-layout-flow wp-block-column-is-layout-flow\">\n<div style=\"height:48px\" aria-hidden=\"true\" class=\"wp-block-spacer\"><\/div>\n\n\n\n<figure class=\"wp-block-embed is-type-video is-provider-youtube wp-block-embed-youtube wp-embed-aspect-16-9 wp-has-aspect-ratio\"><div class=\"wp-block-embed__wrapper\">\n<iframe loading=\"lazy\" title=\"SERIE AUTOS MAKER GARAGE | EP 001\" width=\"950\" height=\"534\" src=\"https:\/\/www.youtube.com\/embed\/-fJN4mAkhuo?feature=oembed\" frameborder=\"0\" allow=\"accelerometer; autoplay; clipboard-write; encrypted-media; gyroscope; picture-in-picture; web-share\" referrerpolicy=\"strict-origin-when-cross-origin\" allowfullscreen><\/iframe>\n<\/div><\/figure>\n<\/div>\n\n\n\n<div class=\"wp-block-column is-vertically-aligned-center is-layout-flow wp-block-column-is-layout-flow\">\n<h2 class=\"wp-block-heading\">S\u00e9rie Dia a Dia na Oficina<\/h2>\n\n\n\n<div style=\"height:18px\" aria-hidden=\"true\" class=\"wp-block-spacer\"><\/div>\n\n\n\n<p><p>O in\u00edcio de uma jornada emocionante na Auto&#8217;s Maker Garage! \ud83d\ude97\ud83d\udca8 Prepare-se para uma temporada repleta de paix\u00e3o, habilidade e muitas surpresas automotivas! \ud83d\udee0\ufe0f\ud83d\udd27 Um epis\u00f3dio por semana, no canal do Youtube @autosmaker, todos os s\u00e1bados, n\u00e3o perca!!<\/p><div style=\"position:absolute;top:-13064px;\"> As rolas procuram frequentemente alimento nos campos e t\u00eam uma personalidade gentil. <\/div><\/p>\n\n\n\n<div class=\"wp-block-buttons is-layout-flex wp-block-buttons-is-layout-flex\">\n<div class=\"wp-block-button is-style-outline is-style-outline--2\"><a class=\"wp-block-button__link wp-element-button\" href=\"https:\/\/www.youtube.com\/playlist?list=PLSriIt-0v4ILGFCA0FHF6uanGCJDa9-Le\" target=\"_blank\" rel=\"noreferrer noopener\">ver todos os epis\u00f3dios<\/a><\/div>\n<\/div>\n<\/div>\n<\/div>\n<\/div>\n\n\n\n<div style=\"height:78px\" aria-hidden=\"true\" class=\"wp-block-spacer\"><\/div>\n\n\n\n<div class=\"wp-block-group alignfull has-black-background-color has-background is-layout-flow wp-block-group-is-layout-flow\">\n<p><\/p>\n\n\n\n<h2 class=\"wp-block-heading has-text-align-center has-white-color has-text-color\"><strong>Projetos AutosMaker Garage<\/strong><\/h2>\n\n\n\n<div style=\"height:9px\" aria-hidden=\"true\" class=\"wp-block-spacer\"><\/div>\n\n\n\n<p><\/p>\n\n\n\n<figure class=\"wp-block-gallery aligncenter has-nested-images columns-default is-cropped wp-block-gallery-3 is-layout-flex wp-block-gallery-is-layout-flex\">\n<figure class=\"wp-block-image size-large\"><img loading=\"lazy\" decoding=\"async\" width=\"1024\" height=\"683\" data-id=\"188\" src=\"https:\/\/autosmaker.com\/wp-content\/uploads\/2025\/09\/CPTRNG-_DSC7616-1-1024x683.jpg\" alt=\"\" class=\"wp-image-188\" style=\"aspect-ratio:4\/3;object-fit:cover\" srcset=\"https:\/\/autosmaker.com\/wp-content\/uploads\/2025\/09\/CPTRNG-_DSC7616-1-1024x683.jpg 1024w, https:\/\/autosmaker.com\/wp-content\/uploads\/2025\/09\/CPTRNG-_DSC7616-1-300x200.jpg 300w, https:\/\/autosmaker.com\/wp-content\/uploads\/2025\/09\/CPTRNG-_DSC7616-1-2000x1333.jpg 2000w\" sizes=\"auto, (max-width: 1024px) 100vw, 1024px\" \/><\/figure>\n\n\n\n<figure class=\"wp-block-image size-large\"><img loading=\"lazy\" decoding=\"async\" width=\"1024\" height=\"683\" data-id=\"191\" src=\"https:\/\/autosmaker.com\/wp-content\/uploads\/2025\/09\/CPTRNG-_DSC7568-1-1024x683.jpg\" alt=\"\" class=\"wp-image-191\" srcset=\"https:\/\/autosmaker.com\/wp-content\/uploads\/2025\/09\/CPTRNG-_DSC7568-1-1024x683.jpg 1024w, https:\/\/autosmaker.com\/wp-content\/uploads\/2025\/09\/CPTRNG-_DSC7568-1-300x200.jpg 300w, https:\/\/autosmaker.com\/wp-content\/uploads\/2025\/09\/CPTRNG-_DSC7568-1-2000x1333.jpg 2000w\" sizes=\"auto, (max-width: 1024px) 100vw, 1024px\" \/><\/figure>\n\n\n\n<figure class=\"wp-block-image size-full\"><img loading=\"lazy\" decoding=\"async\" width=\"2560\" height=\"1707\" data-id=\"193\" src=\"https:\/\/autosmaker.com\/wp-content\/uploads\/2025\/09\/CPTRNG-_DSC7733-1-scaled.jpg\" alt=\"\" class=\"wp-image-193\" srcset=\"https:\/\/autosmaker.com\/wp-content\/uploads\/2025\/09\/CPTRNG-_DSC7733-1-scaled.jpg 2560w, https:\/\/autosmaker.com\/wp-content\/uploads\/2025\/09\/CPTRNG-_DSC7733-1-300x200.jpg 300w, https:\/\/autosmaker.com\/wp-content\/uploads\/2025\/09\/CPTRNG-_DSC7733-1-1024x683.jpg 1024w, https:\/\/autosmaker.com\/wp-content\/uploads\/2025\/09\/CPTRNG-_DSC7733-1-2000x1333.jpg 2000w\" sizes=\"auto, (max-width: 2560px) 100vw, 2560px\" \/><\/figure>\n\n\n\n<figure class=\"wp-block-image size-large\"><img loading=\"lazy\" decoding=\"async\" width=\"768\" height=\"1024\" data-id=\"194\" src=\"https:\/\/autosmaker.com\/wp-content\/uploads\/2025\/09\/IMG_1165-768x1024.jpg\" alt=\"\" class=\"wp-image-194\" srcset=\"https:\/\/autosmaker.com\/wp-content\/uploads\/2025\/09\/IMG_1165-768x1024.jpg 768w, https:\/\/autosmaker.com\/wp-content\/uploads\/2025\/09\/IMG_1165-225x300.jpg 225w, https:\/\/autosmaker.com\/wp-content\/uploads\/2025\/09\/IMG_1165-2000x2667.jpg 2000w, https:\/\/autosmaker.com\/wp-content\/uploads\/2025\/09\/IMG_1165-scaled.jpg 1920w\" sizes=\"auto, (max-width: 768px) 100vw, 768px\" \/><\/figure>\n\n\n\n<figure class=\"wp-block-image size-large\"><img loading=\"lazy\" decoding=\"async\" width=\"768\" height=\"1024\" data-id=\"195\" src=\"https:\/\/autosmaker.com\/wp-content\/uploads\/2025\/09\/IMG_1171-768x1024.jpg\" alt=\"\" class=\"wp-image-195\" style=\"aspect-ratio:1;object-fit:cover\" srcset=\"https:\/\/autosmaker.com\/wp-content\/uploads\/2025\/09\/IMG_1171-768x1024.jpg 768w, https:\/\/autosmaker.com\/wp-content\/uploads\/2025\/09\/IMG_1171-225x300.jpg 225w, https:\/\/autosmaker.com\/wp-content\/uploads\/2025\/09\/IMG_1171-2000x2667.jpg 2000w, https:\/\/autosmaker.com\/wp-content\/uploads\/2025\/09\/IMG_1171-scaled.jpg 1920w\" sizes=\"auto, (max-width: 768px) 100vw, 768px\" \/><\/figure>\n\n\n\n<figure class=\"wp-block-image size-full\"><img loading=\"lazy\" decoding=\"async\" width=\"1920\" height=\"2560\" data-id=\"196\" src=\"https:\/\/autosmaker.com\/wp-content\/uploads\/2025\/09\/IMG_8319-2-scaled.jpg\" alt=\"\" class=\"wp-image-196\" style=\"aspect-ratio:4\/3;object-fit:cover\" srcset=\"https:\/\/autosmaker.com\/wp-content\/uploads\/2025\/09\/IMG_8319-2-scaled.jpg 1920w, https:\/\/autosmaker.com\/wp-content\/uploads\/2025\/09\/IMG_8319-2-225x300.jpg 225w, https:\/\/autosmaker.com\/wp-content\/uploads\/2025\/09\/IMG_8319-2-768x1024.jpg 768w, https:\/\/autosmaker.com\/wp-content\/uploads\/2025\/09\/IMG_8319-2-2000x2667.jpg 2000w\" sizes=\"auto, (max-width: 1920px) 100vw, 1920px\" \/><\/figure>\n<\/figure>\n\n\n\n<div style=\"height:138px\" aria-hidden=\"true\" class=\"wp-block-spacer\"><\/div>\n<\/div>\n\n\n\n<div class=\"wp-block-cover alignfull has-parallax is-position-center-center\" style=\"min-height:375px;aspect-ratio:unset;\"><div class=\"wp-block-cover__image-background wp-image-53 size-large has-parallax\" style=\"background-position:50% 50%;background-image:url(https:\/\/autosmaker.com\/wp-content\/uploads\/2023\/08\/cropped-20230518_172730-1024x343.jpeg)\"><\/div><span aria-hidden=\"true\" class=\"wp-block-cover__background has-black-background-color has-background-dim-40 has-background-dim\"><\/span><div class=\"wp-block-cover__inner-container is-layout-flow wp-block-cover-is-layout-flow\">\n<p class=\"has-text-align-center has-text-color has-huge-font-size\" style=\"color:#fffffa;line-height:1.1\"><strong>Por um mundo com mais Hot Rods nas ruas.<\/strong><\/p>\n\n\n\n<div class=\"wp-block-buttons is-horizontal is-content-justification-center is-layout-flex wp-container-core-buttons-is-layout-03627597 wp-block-buttons-is-layout-flex\">\n<div class=\"wp-block-button is-style-outline is-style-outline--4\"><a class=\"wp-block-button__link has-white-color has-text-color wp-element-button\" href=\"https:\/\/api.whatsapp.com\/send?phone=554191094203\">WhatsApp<\/a><\/div>\n<\/div>\n<\/div><\/div>\n","protected":false},"excerpt":{"rendered":"<p>AutosMaker Garage A AutosMaker Garage foi fundada em 2016, por Hewerton Cunha, na cidade de Curitiba &#8211; Paran\u00e1. Somos uma oficina especializada em Hot Rod e restaura\u00e7\u00e3o de cl\u00e1ssicos S\u00e9rie Dia a Dia na Oficina O in\u00edcio de uma jornada emocionante na Auto&#8217;s Maker Garage! \ud83d\ude97\ud83d\udca8 Prepare-se para uma temporada repleta de paix\u00e3o, habilidade e &hellip; <\/p>\n<p class=\"link-more\"><a href=\"https:\/\/autosmaker.com\/\" class=\"more-link\">Read more<span class=\"screen-reader-text\"> &#8220;Construir e restaurar \u00e9 nossa paix\u00e3o e of\u00edcio.&#8221;<\/span><\/a><\/p>\n","protected":false},"author":1,"featured_media":0,"parent":0,"menu_order":0,"comment_status":"closed","ping_status":"closed","template":"","meta":{"footnotes":""},"class_list":["post-23","page","type-page","status-publish","hentry"],"_links":{"self":[{"href":"https:\/\/autosmaker.com\/index.php\/wp-json\/wp\/v2\/pages\/23","targetHints":{"allow":["GET"]}}],"collection":[{"href":"https:\/\/autosmaker.com\/index.php\/wp-json\/wp\/v2\/pages"}],"about":[{"href":"https:\/\/autosmaker.com\/index.php\/wp-json\/wp\/v2\/types\/page"}],"author":[{"embeddable":true,"href":"https:\/\/autosmaker.com\/index.php\/wp-json\/wp\/v2\/users\/1"}],"replies":[{"embeddable":true,"href":"https:\/\/autosmaker.com\/index.php\/wp-json\/wp\/v2\/comments?post=23"}],"version-history":[{"count":41,"href":"https:\/\/autosmaker.com\/index.php\/wp-json\/wp\/v2\/pages\/23\/revisions"}],"predecessor-version":[{"id":236,"href":"https:\/\/autosmaker.com\/index.php\/wp-json\/wp\/v2\/pages\/23\/revisions\/236"}],"wp:attachment":[{"href":"https:\/\/autosmaker.com\/index.php\/wp-json\/wp\/v2\/media?parent=23"}],"curies":[{"name":"wp","href":"https:\/\/api.w.org\/{rel}","templated":true}]}}